{"id":68,"date":"2019-01-27T21:10:13","date_gmt":"2019-01-27T21:10:13","guid":{"rendered":"http:\/\/rima-box.com\/?page_id=68"},"modified":"2021-03-31T09:23:19","modified_gmt":"2021-03-31T09:23:19","slug":"impressum","status":"publish","type":"page","link":"https:\/\/rima-box.com\/?page_id=68","title":{"rendered":"Impressum"},"content":{"rendered":"\n<p>Anbieter:<\/p>\n\n\n\n<p>RIMA Innovations GbR<br>vertreten durch RIchard Frische und MAtthias Frische\u00a0<br>Imbuschstr. 14<br>90473 N\u00fcrnberg<br><br>Telefon: 0170 \/ 3633 989<br><br>e-Mail: m f p @ j p f . d e<br><br>Website:\u00a0<a href=\"http:\/\/www.rima-box.com\">www.rima-box.com<\/a>\u00a0<br><br>Ust-IdNr.: DE288116762<\/p>\n\n\n\n<p>und hier eine seltsame EU-Verordnung auf die wir hinweisen:<br>Online-Streitbeilegung gem\u00e4\u00df Art. 14 Abs. 1 ODR-VO: Die Europ\u00e4ische Kommission stellt eine Plattform zur Online-Streitbeilegung (OS) bereit, die Sie unter&nbsp;<a target=\"_blank\" rel=\"noreferrer noopener\" href=\"http:\/\/ec.europa.eu\/consumers\/odr\/\">http:\/\/ec.europa.eu\/consumers\/odr\/<\/a>&nbsp;finden.<\/p>\n\n\n\n<p>Und hier eine andere sehr seltsame Verordnung: Die neue ab 25.5.2018 in Europa? g\u00fcltige Datenschutzverordnung:<\/p>\n\n\n\n<p><a href=\"http:\/\/eur-lex.europa.eu\/legal-content\/DE\/TXT\/PDF\/?uri=CELEX:32016R0679\">http:\/\/eur-lex.europa.eu\/legal-content\/DE\/TXT\/PDF\/?uri=CELEX:32016R0679<\/a><\/p>\n\n\n\n<p>einfach mal in Ruhe die 88 Seiten durchlesen&#8230; (und daf\u00fcr bezahle ich Steuern oder gut bezahlte Angestellte der EU&#8230;. gr\u00fcbel&#8230;)<\/p>\n\n\n\n<p>Wir gehen sehr sorgsam mit Ihren und mit unseren eigenen Daten um&#8230; und wenn Sie das nicht glauben, dann verlassen Sie doch einfach unsere Webseite&nbsp; \ud83d\ude42<br>Wir garantieren Ihnen, dass wir nichts davon merken&#8230; und uns nichts davon merken&#8230;<\/p>\n\n\n\n<p>Hmm&#8230; und das Neueste seit Anfang 2019&#8230; Hurra ! Das Verpackungsgesetz  ist jetzt auch f\u00fcr kleine Firmen g\u00fcltig. Also: Wir sind brav registriert unter  DE3618429910996 und zahlen f\u00fcr dieses Jahr und die Folgejahre jeweils 140,- EUR  an Der Gr\u00fcnePunkt Deutschland f\u00fcr die Entsorgung von ca. 25 Kg Kartonagen pro  Jahr. Daf\u00fcr d\u00fcrfen wir aber dann auch den gr\u00fcnen Punkt auf unsere Verpackungen  machen. Wir f\u00fchlen uns damit etwas gr\u00fcner ! Sehr sch\u00f6n ! <\/p>\n\n\n\n<figure class=\"wp-block-image is-resized\"><img decoding=\"async\" loading=\"lazy\" src=\"http:\/\/rima-box.com\/wp-content\/uploads\/2019\/01\/204px-Der_Gr\u00fcne_Punkt.svg_.png\" alt=\"\" class=\"wp-image-141\" width=\"51\" height=\"47\"\/><\/figure>\n\n\n\n<p>zur\u00fcck zur Startseite<br><a href=\"http:\/\/www.rima-box.com\/\">www.rima-box.com<\/a><\/p>\n","protected":false},"excerpt":{"rendered":"<p>Anbieter: RIMA Innovations GbRvertreten durch RIchard Frische und MAtthias Frische\u00a0Imbuschstr. 1490473 N\u00fcrnberg Telefon: 0170 \/ 3633 989 e-Mail: m f p @ j p f . d e Website:\u00a0www.rima-box.com\u00a0 Ust-IdNr.: DE288116762 und hier eine seltsame EU-Verordnung auf die wir hinweisen:Online-Streitbeilegung gem\u00e4\u00df Art. 14 Abs. 1 ODR-VO: Die Europ\u00e4ische Kommission stellt eine Plattform zur Online-Streitbeilegung (OS) &hellip; <\/p>\n<p class=\"link-more\"><a href=\"https:\/\/rima-box.com\/?page_id=68\" class=\"more-link\"><span class=\"screen-reader-text\">\u201eImpressum\u201c<\/span> weiterlesen<\/a><\/p>\n","protected":false},"author":1,"featured_media":0,"parent":0,"menu_order":0,"comment_status":"closed","ping_status":"closed","template":"","meta":[],"_links":{"self":[{"href":"https:\/\/rima-box.com\/index.php?rest_route=\/wp\/v2\/pages\/68"}],"collection":[{"href":"https:\/\/rima-box.com\/index.php?rest_route=\/wp\/v2\/pages"}],"about":[{"href":"https:\/\/rima-box.com\/index.php?rest_route=\/wp\/v2\/types\/page"}],"author":[{"embeddable":true,"href":"https:\/\/rima-box.com\/index.php?rest_route=\/wp\/v2\/users\/1"}],"replies":[{"embeddable":true,"href":"https:\/\/rima-box.com\/index.php?rest_route=%2Fwp%2Fv2%2Fcomments&post=68"}],"version-history":[{"count":6,"href":"https:\/\/rima-box.com\/index.php?rest_route=\/wp\/v2\/pages\/68\/revisions"}],"predecessor-version":[{"id":178,"href":"https:\/\/rima-box.com\/index.php?rest_route=\/wp\/v2\/pages\/68\/revisions\/178"}],"wp:attachment":[{"href":"https:\/\/rima-box.com\/index.php?rest_route=%2Fwp%2Fv2%2Fmedia&parent=68"}],"curies":[{"name":"wp","href":"https:\/\/api.w.org\/{rel}","templated":true}]}}